{"id":105,"date":"2016-04-06T17:11:14","date_gmt":"2016-04-06T15:11:14","guid":{"rendered":"http:\/\/www.campiriomangini.com\/wordpress\/?page_id=105"},"modified":"2016-04-15T10:34:15","modified_gmt":"2016-04-15T08:34:15","slug":"info-utili","status":"publish","type":"page","link":"https:\/\/www.campiriomangini.com\/wordpress\/info-utili\/","title":{"rendered":"info utili"},"content":{"rendered":"<p><div class='jsn-bootstrap3'><div id='MrKhPt' class='row '  style='padding-top:10px;padding-bottom:10px;padding-left:10px;padding-right:10px;'><div class=\"col-md-5 col-sm-5 col-xs-12 \" ><div   class='jsn-bootstrap3 wr-element-container wr-element-text' ><div class=\"wr_text\" id=\"WuNkE0\"><\/p>\n<h3 style=\"text-align: justify;\">Decesso in abitazione<\/h3>\n<p style=\"text-align: justify;\">Nel caso in cui il decesso abbia luogo in abitazione occorre informare il medico curante della persona mancata, il quale provveder\u00e0 a compilare la documentazione necessaria (MODELLO ISTAT) per la denuncia di decesso, Tale documento, verr\u00e0 ritirato da un incaricato di Campirio&#038; Mangini che provveder\u00e0 ad inoltrare la denuncia di morte nel comune ove \u00e8 avvenuto il decesso.<\/p>\n<p>\n<\/div><\/div>\n<\/div><div class=\"col-md-2 col-sm-2 col-xs-12 \" ><\/div><div class=\"col-md-5 col-sm-5 col-xs-12 \" ><div   class='jsn-bootstrap3 wr-element-container wr-element-text' ><div class=\"wr_text\" id=\"CvYX5A\"><\/p>\n<h3 style=\"text-align: justify;\">Decesso in ospedale o in struttura privata<\/h3>\n<p style=\"text-align: justify;\">In caso il decesso avvenisse in ospedale o in una struttura socio &#8211; sanitaria privata, la struttura stessa provvede a rilasciare la documentazione necessaria per la denuncia di morte. Mettetevi in contatto con Campirio&#038; Manginii: un incaricato vi raggiunger\u00e0 nel pi\u00f9 breve tempo possibile.<\/p>\n<p>\n<\/div><\/div>\n<\/div>\n<\/div><\/div><div class='jsn-bootstrap3'><div id='uQy58V' class='row '  style='padding-top:10px;padding-bottom:10px;padding-left:10px;padding-right:10px;'><div class=\"col-md-12 col-sm-12 col-xs-12 \" ><div   class='jsn-bootstrap3 wr-element-container wr-element-heading' style='margin-top:5px; margin-bottom:25px '><h1 style='text-align:center;'>Orari camere mortuarie<\/h1><\/div>\n<\/div>\n<\/div><\/div><div class='jsn-bootstrap3'><div id='kOjAHz' class='row '  style='padding-top:10px;padding-bottom:10px;padding-left:10px;padding-right:10px;'><div class=\"col-md-5 col-sm-5 col-xs-12 \" ><div   class='jsn-bootstrap3 wr-element-container wr-element-text' ><div class=\"wr_text\" id=\"CFRzZm\"><p><strong>Azienda ospedaliera San Martino<\/strong><br \/>\nPiazzale Marsano Tel. 010.555.26.29<br \/>\nOrario: tutti i giorni ore 7.00-20.00<\/p>\n<p><strong>Ospedale Villa Scassi<\/strong><br \/>\nCorso O. Scassi, 1 Pad. 9 &#8211; Tel. 010.849.23.10<br \/>\nOrario: tutti i giorni ore 7.00-13.00; 14.00-19.00<\/p>\n<p><strong>Ospedale P.A. Micone-Sestri P.<\/strong><br \/>\nLargo Nervio Rosso,2 &#8211; Tel. 010.644.83.85<br \/>\nOrario: tutti i giorno ore 7.30-13.00; 14.30-19.00<\/p>\n<p><strong>Ospedale A. Gallino<\/strong><br \/>\nVia Ospedale Gallino,5<br \/>\nOrario: tutti i giorni ore 7.30-13.00; 14.30-19.00<\/p>\n<p><strong>Ospedale Sant&#8217;Antonio-Recco<\/strong><br \/>\nVia Bianchi,1 &#8211; Tel. 0185.74102<br \/>\nOrario: tutti i giorni ore 7.00-19.00<\/p>\n<\/div><\/div>\n<\/div><div class=\"col-md-2 col-sm-2 col-xs-12 \" ><\/div><div class=\"col-md-5 col-sm-5 col-xs-12 \" ><div   class='jsn-bootstrap3 wr-element-container wr-element-text' ><div class=\"wr_text\" id=\"3uUxri\"><p><strong>E.O. Ospedali Galliera<\/strong><br \/>\nVia Mura delle Cappuccine, 14 &#8211; Tel. 010.541.280<br \/>\nOrario: tutti i giorni ore 7.00-12.00; 14.00-20.00<\/p>\n<p><strong>Istituto Giannina Gaslini<\/strong><br \/>\nLargo Gerolamo Gaslini,5 &#8211; Tel. 010.563.63.56<br \/>\nOrario: tutti i giorni<\/p>\n<p><strong>Ospedale San Carlo-Voltri<\/strong><br \/>\nPiazzale E. Gianasso,4<br \/>\nOrario: tutti i giorni ore 7.30-13.00; 14.30-18.30<\/p>\n<p><strong>Ospedale La Colletta-Arenzano<\/strong><br \/>\nVia del Giappone,5 &#8211; Tel. 010.644.85.42<br \/>\nOrario: tutti i giorni ore 7.30-13.00; 14.30-19.00<\/p>\n<\/div><\/div><div   class='jsn-bootstrap3 wr-element-container wr-element-image' ><img width='' height='' src='http:\/\/www.campiriomangini.com\/wordpress\/wp-content\/uploads\/2016\/04\/fiore-piccolo-2.jpg' \/><\/div>\n<\/div>\n<\/div><\/div><div class='jsn-bootstrap3'><div id='vXlCLu' class='row '  style='padding-top:10px;padding-bottom:10px;padding-left:10px;padding-right:10px;'><div class=\"col-md-12 col-sm-12 col-xs-12 \" ><div   class='jsn-bootstrap3 wr-element-container wr-element-heading' style='margin-top:5px; margin-bottom:25px '><h1 style='text-align:center;'>Orari cimiteri<\/h1><\/div>\n<\/div>\n<\/div><\/div><div class='jsn-bootstrap3'><div id='gDJ6m3' class='row '  style='padding-top:10px;padding-bottom:10px;padding-left:10px;padding-right:10px;'><div class=\"col-md-12 col-sm-12 col-xs-12 \" ><div   class='jsn-bootstrap3 wr-element-container wr-element-text' ><div class=\"wr_text\" id=\"OQBVTZ\"><\/p>\n<p style=\"text-align: center;\">1\u00b0 e 6 gennaio, luned\u00ec dell&#8217;Angelo, 1\u00b0 maggio, 2 e 24 giugno, 15 agosto, 8 e 26 dicembre.<br \/>\nQuando tali festivit\u00e0 coincidono con la domenica tutti i cimiteri sono APERTIe si osserva l&#8217;orario festivo.<br \/>\nSTAGLIENO rimane APERTO nelle giornate del 1 maggio e del 2 giugno (7.30 \u2013 17.00)<br \/>\ne nelle giornate del 25 dicembre e Pasqua osserva l\u2019orario al pubblico: 7.30 \u2013 13.00.<br \/>\nL&#8217;ingresso \u00e8 consentito fino a mezz&#8217;ora prima dell\u2019orario di chiusura previsto.<\/p>\n<p>\n<\/div><\/div>\n<\/div>\n<\/div><\/div><div class='jsn-bootstrap3'><div id='VDOuWR' class='row '  style='padding-top:10px;padding-bottom:10px;padding-left:10px;padding-right:10px;'><div class=\"col-md-5 col-sm-5 col-xs-12 \" ><div   class='jsn-bootstrap3 wr-element-container wr-element-text' ><div class=\"wr_text\" id=\"kMoT9H\"><p><strong>Staglieno &#8211; piazzale Resasco<\/strong><br \/>\ntutti i giorni (7.30 &#8211; 17) &#8211; Tel: 010870184\/5<\/p>\n<p><strong>Leira Voltri &#8211; via Ovada<\/strong><br \/>\nferiale (7.30 &#8211; 17) festivo (7.30 &#8211; 13) Tel: 0106136444<\/p>\n<p><strong>Fiorino &#8211; localit\u00e0 Fiorino<\/strong><br \/>\nferiale (gioved\u00ec 7.30 &#8211; 16) festivo (7.30 &#8211; 13) Tel: 0106136444<\/p>\n<p><strong>S. Martino di Pegli &#8211; via Beato Martino da Pegli<\/strong><br \/>\nferiale (7.30 &#8211; 17) festivo (8.00 &#8211; 13) Tel: 0106981210<\/p>\n<p><strong>Pini Storti Sestri &#8211; via S. Alberto<\/strong><br \/>\nferiale (7.30 &#8211; 17) festivo (7.30 &#8211; 13) Tel: 0106521271<\/p>\n<p><strong>S. G. Battista Sestri &#8211; via Vecchie Fornaci<\/strong><br \/>\nferiale (mercoled\u00ec e sabato 7.30 &#8211; 16) festivo (8.15 &#8211; 13) Tel: 0106042336<\/p>\n<p><strong>Angeli Sampierdarena- via Porta degli Angeli<\/strong><br \/>\nferiale (7.30 &#8211; 17) festivo (7.30 &#8211; 13) Tel: 0106459430<\/p>\n<p><strong>Torbella Rivarolo &#8211; via Vezzani<\/strong><br \/>\nferiale (7.30 &#8211; 17) festivo (7.30 &#8211; 13) Tel: 0107401977<\/p>\n<p><strong>S. Biagio Valpolcevera &#8211; via S.B. di Valpolcevera<\/strong><br \/>\nferiale (gioved\u00ec 7.30 &#8211; 16) festivo (7.30 &#8211; 13) Tel: 010710000<\/p>\n<p><strong>Montesignano &#8211; via Mogadiscio<\/strong><br \/>\nferiale (gioved\u00ec 7.30 &#8211; 16) festivo (7.30 &#8211; 13) Tel: 0108361913<\/p>\n<p><strong>S. Siro di Struppa &#8211; via Araone da Struppa<\/strong><br \/>\nferiale (7.30 &#8211; 17) festivo (7.30 &#8211; 13) Tel: 010809048<\/p>\n<p><strong>S. Cosimo di Struppa &#8211; via Trossarelli<\/strong><br \/>\nferiale (gioved\u00ec 7.30 &#8211; 16) festivo (7.45 &#8211; 13) Tel: 0108361913<\/p>\n<p><strong>Nervi 3 &#8211; via del Commercio<\/strong><br \/>\nferiale (7.30 &#8211; 17) festivo (7.30 &#8211; 13) Tel: 0103726024<\/p>\n<p><strong>Nervi 1 &#8211; via Donato Somma<\/strong><br \/>\nferiale (chiuso) festivo (7.45 \u201313) Tel: 0103726024<\/p>\n<p><strong>Quinto &#8211; corso Europa<\/strong><br \/>\nferiale (gioved\u00ec 7.30 \u2013 16) festivo (7.30 &#8211; 13) Tel: 0103726024<\/p>\n<p><strong>Murta \u2013 localit\u00e0 Murta<\/strong><br \/>\nferiale (chiuso) festivo (7.30 &#8211; 13) Tel: 010710000<\/p>\n<p><strong>S.Ilario- via dei Marsano<\/strong><br \/>\nferiale (7.30 -16) festivo (7.30 &#8211; 13) Tel: 010321774<\/p>\n<\/div><\/div>\n<\/div><div class=\"col-md-2 col-sm-2 col-xs-12 \" ><\/div><div class=\"col-md-5 col-sm-5 col-xs-12 \" ><div   class='jsn-bootstrap3 wr-element-container wr-element-text' ><div class=\"wr_text\" id=\"5hkmz7\"><p><strong>S. Desiderio &#8211; via Pomata<\/strong><br \/>\nferiale (mercoled\u00ec e sabato) festivo (8.30 &#8211; 13) Tel: 0103450641<\/p>\n<p><strong>Crevari &#8211; via Crevari<\/strong><br \/>\nferiale (gioved\u00ec 7.30 &#8211; 16) festivo (7.30 &#8211; 13) Tel: 0106136444<\/p>\n<p><strong>Pr\u00e0-Palmaro &#8211; piazza Palmaro<\/strong><br \/>\nferiale (7.30 &#8211; 17) festivo (7.45 &#8211; 13) Tel: 0106196272<\/p>\n<p><strong>S. Carlo di Cese &#8211; localit\u00e0 S. Carlo di Cese<\/strong><br \/>\nferiale (gioved\u00ec 7.30 &#8211; 16) festivo (7.30 &#8211; 13) Tel: 0106521271<\/p>\n<p><strong>Borzoli &#8211; via Borzoli<\/strong><br \/>\nferiale (mercoled\u00ec e sabato 7.30 &#8211; 16) festivo (8 &#8211; 13) Tel: 0106511369<\/p>\n<p><strong>Coronata &#8211; via Monte Guano<\/strong><br \/>\nferiale (7.30 &#8211; 17) festivo (7.45 &#8211; 13) Tel: 0106518247<\/p>\n<p><strong>Castagna Sampierdarena &#8211; via Porta degli Angeli<\/strong><br \/>\nferiale (7.30 \u2013 17) festivo (7.30 &#8211; 13) Tel: 0106459430<\/p>\n<p><strong>Fegino &#8211; via alla Chiesa di Fegino<\/strong><br \/>\nferiale (mercoled\u00ec e sabato) festivo (7.45 \u2013 13) Tel: 0107403144<\/p>\n<p><strong>Cesino &#8211; via Benedetto da Cesino<\/strong><br \/>\nferiale (7.45 &#8211; 13) festivo (7.45 &#8211; 13) Tel: 010781539<\/p>\n<p><strong>Molassana Nuovo &#8211; via Olivo<\/strong><br \/>\nferiale (7.30 &#8211; 16) festivo (7.45 &#8211; 13) Tel: 0108361913<\/p>\n<p><strong>Pino Soprano &#8211; via di Pino<\/strong><br \/>\nferiale (gioved\u00ec 7.30 &#8211; 16) festivo (7.30 &#8211; 13) Tel: 0108361913<\/p>\n<p><strong>Bavari &#8211; via ai Piani di Ferretto<\/strong><br \/>\nferiale (mercoled\u00ec e sabato 7.30 &#8211; 15) festivo (8 &#8211; 13) Tel: 0103450517<\/p>\n<p><strong>Fontanegli &#8211; via Basciari<\/strong><br \/>\nferiale (chiuso) festivo (7.30 &#8211; 13.00) Tel: 0108361913<\/p>\n<p><strong>Nervi 2 &#8211; via Molini<\/strong><br \/>\nferiale (mercoled\u00ec e sabato 7.30 &#8211; 16) festivo (7.45 \u201313) Tel: 0103726024<\/p>\n<p><strong>Apparizione \u2013 piazza Don A. Canepa<\/strong><br \/>\nferiale (mercoled\u00ec e sabato 7.30 &#8211; 16) festivo (8 &#8211; 12) Tel: 010392405<\/p>\n<p><strong>Cremeno \u2013 localit\u00e0 Cremeno<\/strong><br \/>\nferiale (chiuso) festivo (8 &#8211; 13) Tel: 010710000<\/p>\n<p><strong>N.S. Del Monte &#8211; via Pianderlino<\/strong><br \/>\nferiale (chiuso) festivo (8.30 &#8211; 13) Tel: 010870184\/5<\/p>\n<\/div><\/div>\n<\/div>\n<\/div><\/div><\/p>\n","protected":false},"excerpt":{"rendered":"<p>Decesso in abitazione Nel caso in cui il decesso abbia luogo in abitazione occorre informare il medico curante della persona mancata, il quale provveder\u00e0 a compilare la documentazione necessaria (MODELLO ISTAT) per la denuncia di decesso, Tale documento, verr\u00e0 ritirato da un incaricato di Campirio&#038; Mangini che provveder\u00e0 ad inoltrare la denuncia di morte nel&#8230;<\/p>\n","protected":false},"author":1,"featured_media":0,"parent":0,"menu_order":0,"comment_status":"closed","ping_status":"closed","template":"page-templates\/full-width.php","meta":{"ngg_post_thumbnail":0,"footnotes":""},"class_list":["post-105","page","type-page","status-publish","hentry","jsn-master"],"_links":{"self":[{"href":"https:\/\/www.campiriomangini.com\/wordpress\/wp-json\/wp\/v2\/pages\/105","targetHints":{"allow":["GET"]}}],"collection":[{"href":"https:\/\/www.campiriomangini.com\/wordpress\/wp-json\/wp\/v2\/pages"}],"about":[{"href":"https:\/\/www.campiriomangini.com\/wordpress\/wp-json\/wp\/v2\/types\/page"}],"author":[{"embeddable":true,"href":"https:\/\/www.campiriomangini.com\/wordpress\/wp-json\/wp\/v2\/users\/1"}],"replies":[{"embeddable":true,"href":"https:\/\/www.campiriomangini.com\/wordpress\/wp-json\/wp\/v2\/comments?post=105"}],"version-history":[{"count":5,"href":"https:\/\/www.campiriomangini.com\/wordpress\/wp-json\/wp\/v2\/pages\/105\/revisions"}],"predecessor-version":[{"id":120,"href":"https:\/\/www.campiriomangini.com\/wordpress\/wp-json\/wp\/v2\/pages\/105\/revisions\/120"}],"wp:attachment":[{"href":"https:\/\/www.campiriomangini.com\/wordpress\/wp-json\/wp\/v2\/media?parent=105"}],"curies":[{"name":"wp","href":"https:\/\/api.w.org\/{rel}","templated":true}]}}